{"id":156,"date":"2025-09-24T08:26:39","date_gmt":"2025-09-24T06:26:39","guid":{"rendered":"http:\/\/dartdebica.pl\/?page_id=156"},"modified":"2025-10-07T13:20:20","modified_gmt":"2025-10-07T11:20:20","slug":"o-nas","status":"publish","type":"page","link":"https:\/\/dartdebica.pl\/?page_id=156","title":{"rendered":"O Nas"},"content":{"rendered":"\n<p>Pocz\u0105tki zorganizowanego darta w D\u0119bicy si\u0119gaj\u0105 2013 roku, a jego rozw\u00f3j przez ponad dekad\u0119 zaowocowa\u0142 powstaniem pr\u0119\u017cnej spo\u0142eczno\u015bci i jednego z wiod\u0105cych o\u015brodk\u00f3w darta w Polsce. Poni\u017cej przedstawiamy szczeg\u00f3\u0142owy zapis tej historii.<\/p>\n\n\n\n<h4 class=\"wp-block-heading\"><strong>ERA PIOTRA LONGOSZA: ZAL\u0104\u017bKI D\u0118BICKIEGO DARTA (2013-2014)<\/strong><\/h4>\n\n\n\n<figure class=\"wp-block-image aligncenter size-large\"><img loading=\"lazy\" decoding=\"async\" width=\"640\" height=\"360\" src=\"https:\/\/dartdebica.pl\/wp-content\/uploads\/2025\/09\/551258427_1409730324111158_1410764474296100546_n.jpg\" alt=\"\" class=\"wp-image-159\" srcset=\"https:\/\/dartdebica.pl\/wp-content\/uploads\/2025\/09\/551258427_1409730324111158_1410764474296100546_n.jpg 640w, https:\/\/dartdebica.pl\/wp-content\/uploads\/2025\/09\/551258427_1409730324111158_1410764474296100546_n-300x169.jpg 300w\" sizes=\"auto, (max-width: 640px) 100vw, 640px\" \/><\/figure>\n\n\n\n<p>Inicjatorem i pierwszym organizatorem steel darta w D\u0119bicy by\u0142 <strong>Piotr Longosz<\/strong>. Pod jego przewodnictwem rozegrano pierwsze cztery turnieje w grze 501, kt\u00f3re pe\u0142ni\u0142y funkcj\u0119 zapoznawcz\u0105 \u2013 eliminacje rozgrywano <strong>bez obowi\u0105zkowego double out<\/strong>. Wszystkie wydarzenia mia\u0142y miejsce w <strong>Klubie Pino<\/strong>, a spotkania pocz\u0105tkowo odbywa\u0142y si\u0119 w czwartki.<\/p>\n\n\n\n<p><strong>Narodziny &#8220;Stalowych Wtork\u00f3w&#8221; i Pierwszej Ligi: <\/strong>14 maja 2013 roku ruszy\u0142 cykl <strong>\u201e<\/strong><strong>Stalowe Wtorki\u201d <\/strong>\u2013 Grand Prix Klubu Pino. By\u0142y to cotygodniowe turnieje rankingowe (w ka\u017cdy wtorek o 18:00), kt\u00f3rych zwie\u0144czeniem by\u0142 turniej <strong>MASTERS <\/strong>o Puchar Klubu Pino dla najlepszej \u00f3semki.<\/p>\n\n\n\n<figure class=\"wp-block-image aligncenter size-large\"><img loading=\"lazy\" decoding=\"async\" width=\"640\" height=\"360\" src=\"https:\/\/dartdebica.pl\/wp-content\/uploads\/2025\/09\/552211912_2848548908676918_5760384088948748006_n.jpg\" alt=\"\" class=\"wp-image-164\" srcset=\"https:\/\/dartdebica.pl\/wp-content\/uploads\/2025\/09\/552211912_2848548908676918_5760384088948748006_n.jpg 640w, https:\/\/dartdebica.pl\/wp-content\/uploads\/2025\/09\/552211912_2848548908676918_5760384088948748006_n-300x169.jpg 300w\" sizes=\"auto, (max-width: 640px) 100vw, 640px\" \/><\/figure>\n\n\n\n<p><strong>Podsumowanie I Edycji D\u0119bickiej Ligi Darta (DLD) \u2013 05.03.2014:<\/strong><\/p>\n\n\n\n<p><strong>Mistrz Ligi: <\/strong>Bezak Stanis\u0142aw <\/p>\n\n\n\n<p><strong>II miejsce: <\/strong>Parkitny S\u0142awomir <\/p>\n\n\n\n<p><strong>III miejsce: <\/strong>Bezak Pawe\u0142<\/p>\n\n\n\n<p>Piotr Longosz poprowadzi\u0142 w sumie 3 edycje ligi. Ostatni turniej pod jego kierownictwem odby\u0142 si\u0119 <strong>20.12.2014 <\/strong>\u2013 by\u0142y to pierwsze Mistrzostwa D\u0119bicy, kt\u00f3re wygra\u0142 Adrian Michna, pokonuj\u0105c w finale Janusza Sikor\u0119.<\/p>\n\n\n\n<figure class=\"wp-block-gallery has-nested-images columns-default is-cropped wp-block-gallery-1 is-layout-flex wp-block-gallery-is-layout-flex\">\n<figure class=\"wp-block-image size-large\"><img loading=\"lazy\" decoding=\"async\" width=\"518\" height=\"310\" data-id=\"160\" src=\"https:\/\/dartdebica.pl\/wp-content\/uploads\/2025\/09\/551338521_1076386267634483_8247856126082730372_n.jpg\" alt=\"\" class=\"wp-image-160\" srcset=\"https:\/\/dartdebica.pl\/wp-content\/uploads\/2025\/09\/551338521_1076386267634483_8247856126082730372_n.jpg 518w, https:\/\/dartdebica.pl\/wp-content\/uploads\/2025\/09\/551338521_1076386267634483_8247856126082730372_n-300x180.jpg 300w\" sizes=\"auto, (max-width: 518px) 100vw, 518px\" \/><\/figure>\n\n\n\n<figure class=\"wp-block-image size-large\"><img loading=\"lazy\" decoding=\"async\" width=\"600\" height=\"359\" data-id=\"161\" src=\"https:\/\/dartdebica.pl\/wp-content\/uploads\/2025\/09\/551458473_658019256967369_2056258521769312833_n.jpg\" alt=\"\" class=\"wp-image-161\" srcset=\"https:\/\/dartdebica.pl\/wp-content\/uploads\/2025\/09\/551458473_658019256967369_2056258521769312833_n.jpg 600w, https:\/\/dartdebica.pl\/wp-content\/uploads\/2025\/09\/551458473_658019256967369_2056258521769312833_n-300x180.jpg 300w\" sizes=\"auto, (max-width: 600px) 100vw, 600px\" \/><\/figure>\n<\/figure>\n\n\n\n<h4 class=\"wp-block-heading\"><strong>KSZTA\u0141TOWANIE SI\u0118 STRUKTURY STOWARZYSZENIA<\/strong><\/h4>\n\n\n\n<p>Po okresie Longosza, lig\u0119 przej\u0105\u0142 <strong>S\u0142awomir Parkitny<\/strong>. To pod jego przyw\u00f3dztwem ruch darterski w D\u0119bicy si\u0119 zinstytucjonalizowa\u0142. Pocz\u0105tkowo u\u017cywano nazwy <strong>LSDD (Liga Steel Dart D\u0119bica)<\/strong>, kt\u00f3ra z czasem ewoluowa\u0142a w <strong>Stowarzyszenie Dart D\u0119bica <\/strong>oraz <strong>D\u0119bick\u0105 Stref\u0119 Darta<\/strong>. Pierwsza wzmianka na Facebooku pojawi\u0142a si\u0119 7 listopada 2014 roku.<\/p>\n\n\n\n<p><strong>Kluczowe lokalizacje w historii Stowarzyszenia:<\/strong><\/p>\n\n\n\n<p><strong>Klub Pino (2013-2015): <\/strong>kolebka d\u0119bickiego darta. <\/p>\n\n\n\n<p><strong>Carpe Diem (2015-2016): <\/strong>tutaj rozgrywano lig\u0119, jednak ograniczona przestrze\u0144 (tylko 2 tarcze) uniemo\u017cliwia\u0142a organizacj\u0119 wi\u0119kszych turniej\u00f3w. <\/p>\n\n\n\n<p><strong>Pub &#8220;Przekr\u0119t&#8221; (10.06.2016 \u2013 2019): <\/strong>prze\u0142omowe miejsce. Na sta\u0142e zamontowano 3 tarcze (p\u00f3\u017aniej rozbudowane do 5), co umo\u017cliwi\u0142o organizacj\u0119 turniej\u00f3w. To tutaj narodzi\u0142a si\u0119 formu\u0142a gry &#8220;double ko&#8221; (prawa-lewa strona). <\/p>\n\n\n\n<p><strong>Pub &#8220;D\u017cungla&#8221; (09.05.2019 \u2013 05.2020): <\/strong>awaria hydrauliczna i zalanie &#8220;Przekr\u0119tu&#8221; zmusi\u0142a Stowarzyszenie do znalezienia nowego lokalu. &#8220;D\u017cungla&#8221; oferowa\u0142a a\u017c 8 tarcz, a podczas Turnieju Masters 2019 \u2013 nawet 10. Niestety, lokal zamkni\u0119to podczas pandemii. <\/p>\n\n\n\n<p><strong>Pizzeria Soprano (07.2020 \u2013 06.10.2020): <\/strong>tymczasowe miejsce na dogrywanie ligi w pandemicznych realiach <\/p>\n\n\n\n<p>(4 tarcze). <strong>Wynajmowana sala (10.2020 \u2013 06.2022): <\/strong>Po kr\u00f3tkim epizodzie w Soprano, a przed powrotem do Pino, rozgrywki ligowe by\u0142y kontynuowane w wynajmowanej przez Stowarzyszenie sali.<\/p>\n\n\n\n<p><strong>Powr\u00f3t do Klubu Pino (10.06.2022 \u2013 obecnie): <\/strong>Powr\u00f3t do korzeni w nowej ods\u0142onie. Lokal zosta\u0142 zaadaptowany do potrzeb darta, oferuj\u0105c pocz\u0105tkowo 8, a p\u00f3\u017aniej 10 sta\u0142ych tarcz. Sta\u0142 si\u0119 g\u0142\u00f3wn\u0105 aren\u0105 wszystkich wielkich turniej\u00f3w.<\/p>\n\n\n\n<figure class=\"wp-block-gallery has-nested-images columns-default is-cropped wp-block-gallery-2 is-layout-flex wp-block-gallery-is-layout-flex\">\n<figure class=\"wp-block-image size-large\"><img loading=\"lazy\" decoding=\"async\" width=\"600\" height=\"359\" data-id=\"163\" src=\"https:\/\/dartdebica.pl\/wp-content\/uploads\/2025\/09\/551916248_4225838847693018_1163875512012943872_n.jpg\" alt=\"\" class=\"wp-image-163\" srcset=\"https:\/\/dartdebica.pl\/wp-content\/uploads\/2025\/09\/551916248_4225838847693018_1163875512012943872_n.jpg 600w, https:\/\/dartdebica.pl\/wp-content\/uploads\/2025\/09\/551916248_4225838847693018_1163875512012943872_n-300x180.jpg 300w\" sizes=\"auto, (max-width: 600px) 100vw, 600px\" \/><\/figure>\n\n\n\n<figure class=\"wp-block-image size-large\"><img loading=\"lazy\" decoding=\"async\" width=\"600\" height=\"359\" data-id=\"162\" src=\"https:\/\/dartdebica.pl\/wp-content\/uploads\/2025\/09\/551795479_1979659349520376_8098146697069277090_n.jpg\" alt=\"\" class=\"wp-image-162\" srcset=\"https:\/\/dartdebica.pl\/wp-content\/uploads\/2025\/09\/551795479_1979659349520376_8098146697069277090_n.jpg 600w, https:\/\/dartdebica.pl\/wp-content\/uploads\/2025\/09\/551795479_1979659349520376_8098146697069277090_n-300x180.jpg 300w\" sizes=\"auto, (max-width: 600px) 100vw, 600px\" \/><\/figure>\n<\/figure>\n\n\n\n<h4 class=\"wp-block-heading\"><strong>OFENSYWA TURNIEJOWA: POWSTANIE FLAGOWYCH CYKLI<\/strong><\/h4>\n\n\n\n<p>Stowarzyszenie s\u0142ynie z organizacji regularnych, presti\u017cowych cykli turniejowych.<\/p>\n\n\n\n<p><strong>Champions Cup (od 26.01.2017): <\/strong>Najbardziej presti\u017cowy i d\u0142ugotrwa\u0142y cykl Stowarzyszenia. Sk\u0142ada si\u0119 z turniej\u00f3w eliminacyjnych (pocz\u0105tkowo co tydzie\u0144, obecnie raz w miesi\u0105cu) oraz fina\u0142owego Turnieju Masters dla najlepszej \u00f3semki (obecnie 30 + 2 dzikie karty).<\/p>\n\n\n\n<p><strong style=\"font-size: revert;\">Zwyci\u0119zcy Masters: <span style=\"font-size: revert; background-color: rgb(255, 255, 255); font-weight: 400;\">2017: Bezak Stanis\u0142aw 2018: Bezak Stanis\u0142aw 2019: Bezak Stanis\u0142aw 2024: Furga\u0142 Hieronim<\/span><\/strong><\/p>\n\n\n\n<p><strong>Puchar Prezesa (od 29.09.2022): <\/strong>Wyewoluowa\u0142 z &#8220;Turnieju Par Losowanych&#8221; i &#8220;Pucharu Ligi&#8221;. Pocz\u0105tkowo mia\u0142 by\u0107 lu\u017anym turniejem czwartkowym, ale zyska\u0142 ogromn\u0105 popularno\u015b\u0107. W pierwszej edycji wzi\u0119\u0142o udzia\u0142 51 zawodnik\u00f3w.<\/p>\n\n\n\n<p><strong style=\"font-size: revert;\">Zwyci\u0119zcy generalni:<\/strong><span style=\"font-size: revert;\"> <\/span><\/p>\n\n\n\n<p><span style=\"font-size: revert;\">2022\/2023: Sanecki Micha\u0142 <\/span><\/p>\n\n\n\n<p><span style=\"font-size: revert;\"><span style=\"font-size: revert; background-color: rgb(255, 255, 255);\">2023\/2024: Sanecki Micha\u0142<\/span><\/span><\/p>\n\n\n\n<p><strong>Wakacyjne Turnieje Darta: <\/strong>Cykl otwartych turniej\u00f3w w pi\u0105tki wakacyjne, stanowi\u0105cy przerw\u0119 od ligi.<\/p>\n\n\n\n<figure class=\"wp-block-gallery has-nested-images columns-default is-cropped wp-block-gallery-3 is-layout-flex wp-block-gallery-is-layout-flex\">\n<figure class=\"wp-block-image size-large\"><img loading=\"lazy\" decoding=\"async\" width=\"640\" height=\"360\" data-id=\"165\" src=\"https:\/\/dartdebica.pl\/wp-content\/uploads\/2025\/09\/552424929_1136447138432949_1012614334815936046_n.jpg\" alt=\"\" class=\"wp-image-165\" srcset=\"https:\/\/dartdebica.pl\/wp-content\/uploads\/2025\/09\/552424929_1136447138432949_1012614334815936046_n.jpg 640w, https:\/\/dartdebica.pl\/wp-content\/uploads\/2025\/09\/552424929_1136447138432949_1012614334815936046_n-300x169.jpg 300w\" sizes=\"auto, (max-width: 640px) 100vw, 640px\" \/><\/figure>\n\n\n\n<figure class=\"wp-block-image size-large\"><img loading=\"lazy\" decoding=\"async\" width=\"640\" height=\"360\" data-id=\"166\" src=\"https:\/\/dartdebica.pl\/wp-content\/uploads\/2025\/09\/552939348_1514467719729496_7683228998580924753_n.jpg\" alt=\"\" class=\"wp-image-166\" srcset=\"https:\/\/dartdebica.pl\/wp-content\/uploads\/2025\/09\/552939348_1514467719729496_7683228998580924753_n.jpg 640w, https:\/\/dartdebica.pl\/wp-content\/uploads\/2025\/09\/552939348_1514467719729496_7683228998580924753_n-300x169.jpg 300w\" sizes=\"auto, (max-width: 640px) 100vw, 640px\" \/><\/figure>\n<\/figure>\n\n\n\n<figure class=\"wp-block-image aligncenter size-large\"><img loading=\"lazy\" decoding=\"async\" width=\"640\" height=\"360\" src=\"https:\/\/dartdebica.pl\/wp-content\/uploads\/2025\/09\/554358587_762819389898186_1396229491742116347_n.jpg\" alt=\"\" class=\"wp-image-167\" srcset=\"https:\/\/dartdebica.pl\/wp-content\/uploads\/2025\/09\/554358587_762819389898186_1396229491742116347_n.jpg 640w, https:\/\/dartdebica.pl\/wp-content\/uploads\/2025\/09\/554358587_762819389898186_1396229491742116347_n-300x169.jpg 300w\" sizes=\"auto, (max-width: 640px) 100vw, 640px\" \/><\/figure>\n\n\n\n<h4 class=\"wp-block-heading\"><strong>FUZJA ZE STOWARZYSZENIEM I NAJWA\u017bNIEJSZE WYDARZENIA<\/strong><\/h4>\n\n\n\n<p><strong>21 marca 2018 roku <\/strong>nast\u0105pi\u0142o oficjalne zarejestrowanie <strong>Stowarzyszenia Dart D\u0119bica <\/strong>w Krajowym Rejestrze S\u0105dowym, co sformalizowa\u0142o jego dzia\u0142alno\u015b\u0107.<\/p>\n\n\n\n<p><strong>Wybrane Kluczowe Wydarzenia:<\/strong><\/p>\n\n\n\n<p><strong>Zamkni\u0119te Mistrzostwa D\u0119bicy 2016: <\/strong>Tylko dla graczy ligowych. Zwyci\u0119zca: Bezak Stanis\u0142aw. <\/p>\n\n\n\n<p><strong>Mistrzostwa D\u0119bicy w Parach (28.12.2019): <\/strong>23 pary z ca\u0142ej Polski. Zwyci\u0119zcy: Bezak S. \/ Parkitny S. <\/p>\n\n\n\n<p><strong>Okres Pandemii (2020-2021): <\/strong>Rozgrywki zosta\u0142y wstrzymane, a nast\u0119pnie przeniesione do systemu online pod nazw\u0105 &#8220;A w domu zawsze wychodzi&#8221;. Mistrzostwa D\u0119bicy 2020 w parach, planowane na 48 uczestnik\u00f3w, zosta\u0142y odwo\u0142ane na 4 dni przed startem. <\/p>\n\n\n\n<p><strong>Wprowadzenie technologii: <\/strong>Od sezonu 2021\/2022 liga przesz\u0142a z liczenia punkt\u00f3w na tabliczkach na <strong>tablety <\/strong>oraz wprowadzono <strong>profesjonalne o\u015bwietlenie LED<\/strong>. <\/p>\n\n\n\n<p><strong>Wsp\u00f3\u0142praca z Lig\u0105 Dart Polska (2023): <\/strong>Stowarzyszenie zosta\u0142o jednym z 16 organizator\u00f3w lokalnych eliminacji do og\u00f3lnopolskiej Ligi Dart Polska. W wielkim finale w Warszawie D\u0119bic\u0119 reprezentowali: Bezak Stanis\u0142aw, Strz\u0119pek S\u0142awomir, W\u0105sowicz Bartosz i W\u00f3jcik Piotr. <\/p>\n\n\n\n<p><strong>Rekordowe Mistrzostwa D\u0119bicy (04.03.2023 i 23.03.2024):<\/strong><\/p>\n\n\n\n<p><strong><strong style=\"font-size: revert; background-color: rgb(255, 255, 255);\">2023: <\/strong><span style=\"font-size: revert; background-color: rgb(255, 255, 255); font-weight: 400;\">90 zawodnik\u00f3w. Zwyci\u0119zca: Sebastian Biela (Nowy Targ). <\/span><\/strong><\/p>\n\n\n\n<p><strong><strong style=\"font-size: revert; background-color: rgb(255, 255, 255);\">2024: 113 zawodnik\u00f3w <\/strong><span style=\"font-size: revert; background-color: rgb(255, 255, 255); font-weight: 400;\">(absolutny rekord!). Zwyci\u0119zca: Pietrzyk Jakub.<\/span><\/strong><\/p>\n\n\n\n<p><strong>I Dru\u017cynowe Mistrzostwa D\u0119bicy (29.06.2024): <\/strong>11 dru\u017cyn. Zwyci\u0119zca: zesp\u00f3\u0142 &#8220;Podkarpackie Nied\u017awiedzie&#8221;.<\/p>\n\n\n\n<p> <strong>Innowacje: <\/strong>19 grudnia 2024 roku planowana jest inauguracja cyklu <strong>&#8220;Quadro 240&#8221; <\/strong>\u2013 prawdopodobnie pierwszego turnieju w Polsce na specjalnych tarczach Harrows Quadro.<\/p>\n\n\n\n<h4 class=\"wp-block-heading\"><strong>D\u0118BICKA LIGA STEEL DARTA (LSDD) \u2013 PODSUMOWANIE ROZWOJU<\/strong><\/h4>\n\n\n\n<p>Liga jest fundamentem dzia\u0142alno\u015bci Stowarzyszenia. Przesz\u0142a znacz\u0105c\u0105 ewolucj\u0119:<\/p>\n\n\n\n<p><strong>Sezon 2022\/2023: <\/strong>24 zawodnik\u00f3w w 3 ligach (LSDD1, LSDD2 Dyw.A, LSDD2 Dyw.B). Mistrz LSDD1: Bezak Stanis\u0142aw <\/p>\n\n\n\n<p><strong>Sezon 2023\/2024: <\/strong>36 zawodnik\u00f3w w 3 ligach. Mistrz LSDD1: Sanecki Micha\u0142 <\/p>\n\n\n\n<p><strong>Sezon 2024: REKORD \u2013 48 zawodnik\u00f3w <\/strong>w 4 ligach (LSDD1, LSDD2, LSDD3, LSDD4). Mistrz LSDD1 (Mistrz D\u0119bicy 2024): Sanecki Micha\u0142<\/p>\n\n\n\n<p>Stowarzyszenie Dart D\u0119bica, od skromnych pocz\u0105tk\u00f3w w Klubie Pino, przekszta\u0142ci\u0142o si\u0119 w pr\u0119\u017cn\u0105, nowoczesn\u0105 organizacj\u0119. Dzi\u015b jest nie tylko lokalnym centrum spotka\u0144 mi\u0142o\u015bnik\u00f3w darta, ale tak\u017ce licz\u0105cym si\u0119 na arenie krajowej gospodarzem presti\u017cowych, rekordowych pod wzgl\u0119dem frekwencji turniej\u00f3w, skutecznie promuj\u0105c t\u0119 dyscyplin\u0119 sportu.<\/p>\n\n\n\n<figure class=\"wp-block-gallery has-nested-images columns-default is-cropped wp-block-gallery-4 is-layout-flex wp-block-gallery-is-layout-flex\">\n<figure class=\"wp-block-image size-large\"><img loading=\"lazy\" decoding=\"async\" width=\"1024\" height=\"682\" data-id=\"393\" src=\"https:\/\/dartdebica.pl\/wp-content\/uploads\/2025\/10\/1-1869-1024x682.jpg\" alt=\"\" class=\"wp-image-393\" srcset=\"https:\/\/dartdebica.pl\/wp-content\/uploads\/2025\/10\/1-1869-1024x682.jpg 1024w, https:\/\/dartdebica.pl\/wp-content\/uploads\/2025\/10\/1-1869-300x200.jpg 300w, https:\/\/dartdebica.pl\/wp-content\/uploads\/2025\/10\/1-1869-768x511.jpg 768w, https:\/\/dartdebica.pl\/wp-content\/uploads\/2025\/10\/1-1869-1536x1022.jpg 1536w, https:\/\/dartdebica.pl\/wp-content\/uploads\/2025\/10\/1-1869.jpg 2048w\" sizes=\"auto, (max-width: 1024px) 100vw, 1024px\" \/><\/figure>\n<\/figure>\n\n\n\n<p><\/p>\n","protected":false},"excerpt":{"rendered":"<p>Pocz\u0105tki zorganizowanego darta w D\u0119bicy si\u0119gaj\u0105 2013 roku, a jego rozw\u00f3j przez ponad dekad\u0119 zaowocowa\u0142 powstaniem pr\u0119\u017cnej spo\u0142eczno\u015bci i jednego z wiod\u0105cych o\u015brodk\u00f3w darta w Polsce. Poni\u017cej przedstawiamy szczeg\u00f3\u0142owy zapis [&hellip;]<\/p>\n","protected":false},"author":1,"featured_media":0,"parent":0,"menu_order":0,"comment_status":"closed","ping_status":"closed","template":"","meta":{"_EventAllDay":false,"_EventTimezone":"","_EventStartDate":"","_EventEndDate":"","_EventStartDateUTC":"","_EventEndDateUTC":"","_EventShowMap":false,"_EventShowMapLink":false,"_EventURL":"","_EventCost":"","_EventCostDescription":"","_EventCurrencySymbol":"","_EventCurrencyCode":"","_EventCurrencyPosition":"","_EventDateTimeSeparator":"","_EventTimeRangeSeparator":"","_EventOrganizerID":[],"_EventVenueID":[],"_OrganizerEmail":"","_OrganizerPhone":"","_OrganizerWebsite":"","_VenueAddress":"","_VenueCity":"","_VenueCountry":"","_VenueProvince":"","_VenueState":"","_VenueZip":"","_VenuePhone":"","_VenueURL":"","_VenueStateProvince":"","_VenueLat":"","_VenueLng":"","_VenueShowMap":false,"_VenueShowMapLink":false,"_themeisle_gutenberg_block_has_review":false,"footnotes":""},"class_list":["post-156","page","type-page","status-publish","hentry"],"_links":{"self":[{"href":"https:\/\/dartdebica.pl\/index.php?rest_route=\/wp\/v2\/pages\/156","targetHints":{"allow":["GET"]}}],"collection":[{"href":"https:\/\/dartdebica.pl\/index.php?rest_route=\/wp\/v2\/pages"}],"about":[{"href":"https:\/\/dartdebica.pl\/index.php?rest_route=\/wp\/v2\/types\/page"}],"author":[{"embeddable":true,"href":"https:\/\/dartdebica.pl\/index.php?rest_route=\/wp\/v2\/users\/1"}],"replies":[{"embeddable":true,"href":"https:\/\/dartdebica.pl\/index.php?rest_route=%2Fwp%2Fv2%2Fcomments&post=156"}],"version-history":[{"count":10,"href":"https:\/\/dartdebica.pl\/index.php?rest_route=\/wp\/v2\/pages\/156\/revisions"}],"predecessor-version":[{"id":678,"href":"https:\/\/dartdebica.pl\/index.php?rest_route=\/wp\/v2\/pages\/156\/revisions\/678"}],"wp:attachment":[{"href":"https:\/\/dartdebica.pl\/index.php?rest_route=%2Fwp%2Fv2%2Fmedia&parent=156"}],"curies":[{"name":"wp","href":"https:\/\/api.w.org\/{rel}","templated":true}]}}